 -841 - -382).
-101
76 - -5 - (-1 + 114)
-32
Evaluate (28 - (-6 + 33) - (0 - 4)) + -39.
-34
What is the value of 28 - (-28 - (-9 + (8 - 7)) - -8)?
40
What is (163 - 104) + 53 - 180?
-68
Calculate 29 - (26 + -17 + (-9 - -1)).
28
Calculate -46 - (-42 + 37 - 2).
-39
Evaluate -46 - (-81 - -18) - -41.
58
What is the value of (-15 - (-7 + 18)) + 16 + 27 + 65?
82
Evaluate -47 + (32 + -19 - -40).
6
What is (-17 - -23 - -8) + (327 - 290)?
51
Calculate 1 + 3 + 2 + (20 + 2 + 7 - -54).
89
What is the value of 19 + -1 - (-215 + 252) - (6 - 4)?
-21
Evaluate (9 - 2) + -5 - 6 - (60 - 2).
-62
What is -2 - 47 - (351 + -357 + 0 + -10 - -6)?
-39
What is (-63 + 94 - -77) + -218?
-110
(-6 + 2 - -5 - 7) + 2 + (-24 - -1)
-27
5 - (-2 + 26) - 25 - -93
49
Evaluate -19 + (-16 - -15) + -323 + 365.
22
Evaluate 1489 + -1420 + 0 + -17 - -41.
93
-3 + (0 - (-1 - -3)) - (35 - (96 - 59))
-3
Calculate 16 - 4 - 17 - ((-1 - -10) + -2 + 9).
-21
110 + (-37 - -13 - -16) + 18 - 16
104
What is the value of 1198 + -1150 - (1 + 0 - (-2 - 10))?
35
What is the value of -31 - (2 + -3) - (-4732 + 4648)?
54
Evaluate 19 + 1 - (14 - (5 + -20 - -31)).
22
Calculate (-3 - -3) + (2238 - 2165).
73
What is 16 - (8 - (-1 - 6 - (-34 + 54)))?
-19
-1 - ((-10 + -80 - -63) + 11 + 0)
15
What is the value of (1 - (3 - 8)) + (6 - -90) + 20 - -11?
133
Evaluate 4 - (-1 + 3) - -5 - (-118 - (134 - 194)).
65
What is -6 + -6 + 1230 + -1266?
-48
What is the value of (36 - 12) + 43 + -17?
50
What is (4 - 9) + (-21 - (30 + -16 + 10 + -6))?
-44
1 - (-54 + (107 - 32))
-20
What is (-10 - 15 - -17) + 16 - (8 - -55)?
-55
What is the value of -7 + 13 + 16 + -8 + -17 - (-3 - 1)?
1
Evaluate (1146 + -1118 - (1 + 38)) + (15 - 0).
4
Evaluate (52 - 34) + -48 + 39.
9
What is 39 + -61 - 14 - -21?
-15
What is the value of (148 - (33 - -227)) + -1 + -2 + 14?
-101
Calculate -34 - (-35 - (-87 - -19)).
-67
10 - 70 - (-71 + (12 - -38))
-39
-23 - ((80 - 131) + (0 - 15))
43
What is -39 - (-92 + 120 + -74)?
7
What is (-12 + 14 - (3 - 8) - -5) + -19?
-7
What is the value of (-5 + 21 - -70) + -46?
40
110 - 16 - (20 - 10 - -7)
77
Calculate (-21 - 58) + 83 + 0 + 2 + 41 - -12.
59
Calculate 75 + 19 + -153 + 23.
-36
Calculate 2 - (-2 - (-16 - ((13 - 36) + 12))).
-1
(-71 - (53 + -144)) + (-4 - (-14 - -1))
29
Calculate 58 - ((30 - 25) + 2 + -2).
53
Calculate (-52 - (34 + (-43 - 50))) + 2 + (2 - -69).
80
-30 + (-13 + -32 - -115)
40
Calculate (-111 + 91 - (11 + -24)) + (11 - 1).
3
Calculate 8 + 0 + 5 + 102 + -68 - (0 - 9).
56
What is -33 + (26 + -16 + -21 - -13)?
-31
Evaluate -65 + (32 - 19 - -11) + (1 - 5).
-45
-7 + 101 + -30 + (1 - 2) - 7
56
Evaluate 5 + (0 - -5) - ((11 - (24 + -11)) + -45).
57
125 - 186 - (7 + 3 + -7)
-64
What is the value of 12 - (-2 + 0) - (79 - (96 - 14))?
17
What is -14 + -1 + (-240 - -157) + 132?
34
What is -69 + -52 + 88 + 155?
122
Calculate -42 + -15 + -40 + 27 + -10.
-80
What is the value of 9 + (1 + (-1 - -12) - (242 - 188))?
-33
-15 + (-1 - (32 - 7) - (30 + -19))
-52
What is 31 - (41 + -109) - 66?
33
Evaluate -42 - -57 - ((45 - 38) + (-3 - 1)).
12
What is -52 + 1 + 1 + (-10 - 53 - -58)?
-55
Evaluate 9 + 1 + 1159 + -1140 - -9.
38
Evaluate -2 + -15 - -7 - (-215 - -223).
-18
Evaluate -6 - ((-8 - -12) + 4 + -2 - -9 - 2).
-19
What is the value of 250 + -294 + (8 - 4)?
-40
What is the value of 30 + -1 + (-210 + 156 - (-8 + -27))?
10
10 - (-29 + -20 + 31 + -11 - -11)
28
Evaluate (253 - 241) + (-21 - 2) + (2 - (2 + -57)).
46
Evaluate (32 - 29 - (68 - 1)) + 582 + -605.
-87
(-37 - -34 - 24) + 67
40
What is the value of -372 - -392 - (-3 + 6 + -6 + 134)?
-111
(6 - (3 - (1 - 1) - -58)) + 20 + -32
-67
Calculate -22243 + 22254 + (-121 - (-1 - 0)).
-109
What is 102 + (-173 - (73 - 59))?
-85
Evaluate (-20 - 2) + (-1393 - -1354).
-61
What is the value of 0 + -4 + (35 - (3 - -20)) - (76 + -1)?
-67
Evaluate (177 - 201) + (2 - -50).
28
73 + -85 - ((-10 - -13) + 93)
-108
Evaluate -15 - (-46 + -7) - 26.
12
-94 + (-69 - (-22 - 67))
-74
Calculate (-7 - -84) + (303 - 413).
-33
Evaluate 8 - ((2 + -10 - (-2 - (88 - 0))) + -7).
-67
What is -19 + (-3 - (27 - (21 - -10)))?
-18
Calculate -40 - -26 - (-2 + 17 - 70).
41
Evaluate 64 + -2 + (58 - 40) - 20.
60
14 + (-4 - -20 - -6)
36
Calculate (-3 - -67) + 96 + -220.
-60
17 + (3 - 2 - 126) + (33 - 19)
-94
What is the value of 50 - ((-3 - 0) + -66 + 47 + 9 + 20)?
43
-3 + 4 + 4 - (-2663 - -2739)
-71
What is -12 - (98 + -78 + -23)?
-9
What is 1863 + -1959 + 185 + 0?
89
-7 + 32 - -2 - (4 + (-1 + 5 - 5))
24
(0 - (6 - (-18 - -18)) - (0 - 52)) + 9
55
-29 + 326 - 299 - (-2 - 63 - -2)
61
Evaluate (2 - -10) + 3 + 65 + -35.
45
What is (-152 - (-112 - 5)) + 21?
-14
-7 + (-48 - -66) - 31
-20
Evaluate 67 + -92 + -128 + 86.
-67
Calculate (14 - (-45 + 52)) + -56.
-49
What is 19 + (-3 - (-2 + 10)) + 29 + 1?
38
What is -44 + (-70 - -85) + -13?
-42
What is 49 + (-70 - 45) + 46?
-20
Evaluate (-2 - -42) + -415 + 363.
-12
What is the value of -7 + -15 + -20 + -7 + 19?
-30
What is 29 + (28 - 32) + 4 + (3 - 72)?
-40
What is -83 + 6 + -4 - ((-35 - -54) + -29)?
-71
Evaluate -5 + 18 + 4 - ((-57 + 13 - -19) + 10).
32
Evaluate -2 + (-12 + -11 + 18 - -2) - (-1 + -56).
52
What is 174 + -129 + -21 + 12?
36
What is 94 - (5 + -10) - (-14 + -58 - -61)?
110
Evaluate -12 - (4 + (-3 + 13 - 0 - (0 - -20))).
-6
Calculate (-16 - (1 + -19) - -62) + -10 + (-3 - 1).
50
What is the value of 16 - -2 - (47 + (8 - 44) + -19)?
26
What is the value of -627 + 671 + (-6 - 146) + 7?
-101
What is the value of -474 + 529 + (4 - (-2 - (-4 + 1) - -11))?
47
What is the value of (-82 - 1) + -7332 + 7355?
-60
Calculate (-52 - -16 - 2) + 25.
-13
What is -19 + 8 + 26 + -22 + 41 + -17?
17
What is 73 + (57 - 85 - 70)?
-25
-3 + -32 + 953 + -965
-47
3 + (-31 + 41 - (5 - -1))
7
Evaluate 4 + -7 + 42 - (-572 + 597) - (-1 - 136).
151
What is 20 + (-37 - -61 - 58) + -141?
-155
-1 + (2 + 6 - 3) - (3 + -2 + 2)
1
19 + (-8 + 32 - 21) + -35
-13
Calculate 983 + -1019 + 0 + 15.
-21
-29 + (3 - 3) + -6 + 13 + -18
-40
What is the value of (5 - (-34 - -6) - 1) + (-9 - -1) - 9?
15
Calculate -7 + (30 + -22 - -17) + -3 + (6 - -9).
30
What is (6 - (4 - 1)) + (-14 - (20 + -7 + 26))?
-50
What is (-113 - -112 - (-3 - 66)) + (-14 - -2)?
56
What is the value of 1514 + -1498 + (1 - 13) + -3 + 2 + -3?
0
What is (69 - (63 + -4)) + -67?
-57
Evaluate 2 - ((-761 - -762) + 1 + (0 - 2)).
2
Evaluate (57 + -13 - 12) + 108 + -110.
30
6 + (34 + -2 - 23 - 12)
3
What is -2 + 32 - -12 - 20?
22
What is 0 - (-1 - 2 - (-11 - -10)) - (-289 - -160)?
131
What is the value of -8 - ((215 - 220) + 1 + -3 + 0)?
-1
Evaluate -2773 + 2806 - (-10 + 1).
42
What is the value of 63 - (-98 + 112 + (-7 + 2 - 19))?
73
-20 + -12 + 35 - 19
-16
What is 32 + -15 + -5 - (-9 + 3 + 65)?
-47
What is -165 - (-105 - (112 + -141))?
-89
What is (-1 - -6) + 13 + (56 - 105)?
-31
What is -12 - -1 - (2 + -2)?
-11
Evaluate 38 + -62 - (25 - 11).
-38
Calculate 4 + 9 + (19 - 15) + 4 + -35 + -1.
-15
Calculate (-19 - (-38 - 9) - 11) + -1.
16
What is the value of -394 + 387 - (36 - -1)?
-44
What is the value of -19 + -1 + -2 + -50 + 40?
-32
(-249 - -240) + (-2 - -4 - (0 + 3)) - 34
-44
-40 + 122 - (46 - (10 + 61))
107
What is the value of 5 - (59 + (1 - 12 - (43 + -44)) - 11)?
-33
Evaluate -82 - (-22 + (110 - 199)).
29
Calculate -101 + 1 - (-1603 - -1586).
-83
What is the value of -50 + 7 + (34 - 1)?
-10
Evaluate 3 + (-59 + 24 - -22) - (0 + 1 - 2).
-9
Evaluate (22 - 36 - 114) + (25 - 4).
-107
What is the value of -19 + 11 + (-3 - (-12 + -1)) + 24 + 1?
27
Evaluate -16 - -11 - -4 - (5 + -8 + 7 - -97).
-102
What is the value of -47 - (-60 + 21) - 0?
-8
-47 - ((67 + -34 - 68) + 23)
-35
2 + -12 + ((-1 - -16) + (31 - 6) - 29)
1
Evaluate 73 + (1 - (-2 + 10 - (-6 - (-17 + 8)))).
69
What is -43 - (6 - (-1 - -16) - 25)?
-9
Calculate 871 + -854 + 3 + -1.
19
What is -98 + 85 + -66 - -88?
9
(15 - -4) + (81 - 120)
-20
What is 16 + -19 + 9 - -19 - 65?
-40
What is the value of (-3 - (-4 + 70)) + (75 - (72 + -16))?
-50
What is 2 - (35 + (-1 - 8) + 2)?
-26
What is (-3 - -3) + 15 - (44 - (-65 + 50))?
-44
What is (-141 - 1) + (29 - -10) + -26 - (1 - 4)?
-126
(14 + -5 - 0) + -14 - (2 - -16 - 19)
-4
Calculate -6 - (-16 + -7 + 66 - 8).
-41
Evaluate -4 + 1 - (4745 - 4889).
141
Calculate (10 - 18) + 4 + (-3 - -14) + -3 - -58.
62
Evaluate 11 + 77 + -56 + 4.
36
Calculate -24 +